{"id":1167,"date":"2023-12-16T13:55:31","date_gmt":"2023-12-16T12:55:31","guid":{"rendered":"https:\/\/domitia-maisondecuisinier.fr\/?page_id=1167"},"modified":"2026-05-11T14:46:33","modified_gmt":"2026-05-11T12:46:33","slug":"menus-du-diner","status":"publish","type":"page","link":"https:\/\/domitia-maisondecuisinier.fr\/index.php\/menus-du-diner\/","title":{"rendered":"Menus du d\u00eener"},"content":{"rendered":"<p>[et_pb_section fb_built=\u00a0\u00bb1&Prime; _builder_version=\u00a0\u00bb4.23.1&Prime; _module_preset=\u00a0\u00bbdefault\u00a0\u00bb background_enable_color=\u00a0\u00bboff\u00a0\u00bb background_image=\u00a0\u00bbhttp:\/\/domitia-maisondecuisinier.fr\/wp-content\/uploads\/2023\/12\/Fond-Cartes-Domitia-Gordes-scaled.jpg\u00a0\u00bb custom_padding=\u00a0\u00bb0px||0px|||\u00a0\u00bb background_last_edited=\u00a0\u00bbon|phone\u00a0\u00bb background_enable_color_phone=\u00a0\u00bboff\u00a0\u00bb background_image_phone=\u00a0\u00bbhttp:\/\/domitia-maisondecuisinier.fr\/wp-content\/uploads\/2023\/12\/Fond-Cartes-Domitia-Mobile.jpg\u00a0\u00bb background_enable_image_phone=\u00a0\u00bbon\u00a0\u00bb global_colors_info=\u00a0\u00bb{}\u00a0\u00bb][et_pb_row _builder_version=\u00a0\u00bb4.23.1&Prime; _module_preset=\u00a0\u00bbdefault\u00a0\u00bb custom_padding=\u00a0\u00bb44px||0px||false|false\u00a0\u00bb global_colors_info=\u00a0\u00bb{}\u00a0\u00bb][et_pb_column type=\u00a0\u00bb4_4&Prime; _builder_version=\u00a0\u00bb4.23.1&Prime; _module_preset=\u00a0\u00bbdefault\u00a0\u00bb global_colors_info=\u00a0\u00bb{}\u00a0\u00bb][et_pb_text _builder_version=\u00a0\u00bb4.23.1&Prime; _module_preset=\u00a0\u00bbdefault\u00a0\u00bb text_font=\u00a0\u00bbAbyssinica SIL|||on|||||\u00a0\u00bb text_font_size=\u00a0\u00bb17px\u00a0\u00bb header_font=\u00a0\u00bbNunito Sans||||||||\u00a0\u00bb header_text_color=\u00a0\u00bb#FFFFFF\u00a0\u00bb header_font_size=\u00a0\u00bb28px\u00a0\u00bb header_letter_spacing=\u00a0\u00bb3px\u00a0\u00bb header_line_height=\u00a0\u00bb1.2em\u00a0\u00bb text_orientation=\u00a0\u00bbcenter\u00a0\u00bb custom_margin=\u00a0\u00bb5px||1px||false|false\u00a0\u00bb custom_margin_tablet=\u00a0\u00bb5px||1px||false|false\u00a0\u00bb custom_margin_phone=\u00a0\u00bb5px||1px||false|false\u00a0\u00bb custom_margin_last_edited=\u00a0\u00bboff|phone\u00a0\u00bb custom_padding=\u00a0\u00bb||7px|||\u00a0\u00bb global_colors_info=\u00a0\u00bb{}\u00a0\u00bb]<\/p>\n<h1>D\u00eener<\/h1>\n<p>[\/et_pb_text][et_pb_divider color=\u00a0\u00bb#FFFFFF\u00a0\u00bb divider_weight=\u00a0\u00bb1px\u00a0\u00bb _builder_version=\u00a0\u00bb4.23.1&Prime; _module_preset=\u00a0\u00bbdefault\u00a0\u00bb custom_margin=\u00a0\u00bb||2px||false|false\u00a0\u00bb custom_margin_tablet=\u00a0\u00bb||2px||false|false\u00a0\u00bb custom_margin_phone=\u00a0\u00bb-25px||2px||false|false\u00a0\u00bb custom_margin_last_edited=\u00a0\u00bboff|desktop\u00a0\u00bb custom_padding=\u00a0\u00bb||6px|||\u00a0\u00bb animation_style=\u00a0\u00bbslide\u00a0\u00bb animation_direction=\u00a0\u00bbleft\u00a0\u00bb global_colors_info=\u00a0\u00bb{}\u00a0\u00bb][\/et_pb_divider][\/et_pb_column][\/et_pb_row][et_pb_row _builder_version=\u00a0\u00bb4.23.1&Prime; _module_preset=\u00a0\u00bbdefault\u00a0\u00bb custom_padding=\u00a0\u00bb0px||23px|||\u00a0\u00bb global_colors_info=\u00a0\u00bb{}\u00a0\u00bb][et_pb_column type=\u00a0\u00bb4_4&Prime; _builder_version=\u00a0\u00bb4.23.1&Prime; _module_preset=\u00a0\u00bbdefault\u00a0\u00bb global_colors_info=\u00a0\u00bb{}\u00a0\u00bb][et_pb_text disabled_on=\u00a0\u00bboff|off|off\u00a0\u00bb _builder_version=\u00a0\u00bb4.23.1&Prime; _module_preset=\u00a0\u00bbdefault\u00a0\u00bb text_font=\u00a0\u00bbInria Serif|700|||||||\u00a0\u00bb text_text_color=\u00a0\u00bb#FFFFFF\u00a0\u00bb text_font_size=\u00a0\u00bb23px\u00a0\u00bb text_line_height=\u00a0\u00bb1.2em\u00a0\u00bb header_font=\u00a0\u00bbNunito Sans|300|||||||\u00a0\u00bb header_text_color=\u00a0\u00bb#aa2200&Prime; header_2_font=\u00a0\u00bbNunito Sans|600|||||||\u00a0\u00bb header_2_text_color=\u00a0\u00bb#aa2200&Prime; header_2_font_size=\u00a0\u00bb20px\u00a0\u00bb header_2_line_height=\u00a0\u00bb1.2em\u00a0\u00bb text_orientation=\u00a0\u00bbcenter\u00a0\u00bb custom_padding=\u00a0\u00bb0px||0px|||\u00a0\u00bb animation_style=\u00a0\u00bbfade\u00a0\u00bb global_colors_info=\u00a0\u00bb{}\u00a0\u00bb]<\/p>\n<p>CETTE SEMAINE AU D\u00ceNER et D\u00c9JEUNER DU DIMANCHE<\/p>\n<p>[\/et_pb_text][et_pb_text disabled_on=\u00a0\u00bboff|off|off\u00a0\u00bb _builder_version=\u00a0\u00bb4.23.1&Prime; _module_preset=\u00a0\u00bbdefault\u00a0\u00bb text_font=\u00a0\u00bbInria Serif|700|||||||\u00a0\u00bb text_text_color=\u00a0\u00bb#FFFFFF\u00a0\u00bb text_font_size=\u00a0\u00bb19px\u00a0\u00bb text_line_height=\u00a0\u00bb1.2em\u00a0\u00bb header_font=\u00a0\u00bbNunito Sans|300|||||||\u00a0\u00bb header_text_color=\u00a0\u00bb#aa2200&Prime; header_2_font=\u00a0\u00bbNunito Sans|600|||||||\u00a0\u00bb header_2_text_color=\u00a0\u00bb#aa2200&Prime; header_2_font_size=\u00a0\u00bb20px\u00a0\u00bb header_2_line_height=\u00a0\u00bb1.2em\u00a0\u00bb text_orientation=\u00a0\u00bbcenter\u00a0\u00bb custom_padding=\u00a0\u00bb0px||0px|||\u00a0\u00bb animation_style=\u00a0\u00bbfade\u00a0\u00bb hover_enabled=\u00a0\u00bb0&Prime; global_colors_info=\u00a0\u00bb{}\u00a0\u00bb sticky_enabled=\u00a0\u00bb0&Prime;]<\/p>\n<p>Menu du 11 au 17 mai<\/p>\n<p>[\/et_pb_text][et_pb_text _builder_version=\u00a0\u00bb4.23.1&Prime; _module_preset=\u00a0\u00bbdefault\u00a0\u00bb text_font=\u00a0\u00bbInria Serif|700|||||||\u00a0\u00bb text_text_color=\u00a0\u00bb#FFFFFF\u00a0\u00bb text_font_size=\u00a0\u00bb19px\u00a0\u00bb text_line_height=\u00a0\u00bb1.5em\u00a0\u00bb header_font=\u00a0\u00bbNunito Sans|300|||||||\u00a0\u00bb header_text_color=\u00a0\u00bb#aa2200&Prime; header_2_font=\u00a0\u00bbNunito Sans|600|||||||\u00a0\u00bb header_2_text_color=\u00a0\u00bb#aa2200&Prime; header_2_font_size=\u00a0\u00bb20px\u00a0\u00bb header_2_line_height=\u00a0\u00bb1.2em\u00a0\u00bb text_orientation=\u00a0\u00bbcenter\u00a0\u00bb custom_margin=\u00a0\u00bb||-8px|||\u00a0\u00bb custom_padding=\u00a0\u00bb0px||0px|||\u00a0\u00bb animation_style=\u00a0\u00bbfade\u00a0\u00bb global_colors_info=\u00a0\u00bb{}\u00a0\u00bb]<\/p>\n<p>Menu \u00e0 55 euros : entr\u00e9e\/ plat\/ fromage ou dessert<br \/>Menu \u00e0 65 euros : entr\u00e9e\/ plat\/ fromage\/ dessert<\/p>\n<p>[\/et_pb_text][\/et_pb_column][\/et_pb_row][et_pb_row _builder_version=\u00a0\u00bb4.23.1&Prime; _module_preset=\u00a0\u00bbdefault\u00a0\u00bb width=\u00a0\u00bb94%\u00a0\u00bb custom_padding=\u00a0\u00bb0px|||||\u00a0\u00bb border_color_all=\u00a0\u00bb#FFFFFF\u00a0\u00bb global_colors_info=\u00a0\u00bb{}\u00a0\u00bb][et_pb_column type=\u00a0\u00bb4_4&Prime; _builder_version=\u00a0\u00bb4.23.1&Prime; _module_preset=\u00a0\u00bbdefault\u00a0\u00bb global_colors_info=\u00a0\u00bb{}\u00a0\u00bb][et_pb_text _builder_version=\u00a0\u00bb4.23.1&Prime; _module_preset=\u00a0\u00bbdefault\u00a0\u00bb text_font=\u00a0\u00bbInria Serif|300|||||||\u00a0\u00bb text_text_color=\u00a0\u00bb#FFFFFF\u00a0\u00bb text_font_size=\u00a0\u00bb19px\u00a0\u00bb text_line_height=\u00a0\u00bb1.3em\u00a0\u00bb header_font=\u00a0\u00bbNunito Sans|300|||||||\u00a0\u00bb header_text_color=\u00a0\u00bb#aa2200&Prime; header_2_font=\u00a0\u00bbNunito Sans|600|||||||\u00a0\u00bb header_2_text_color=\u00a0\u00bb#aa2200&Prime; header_2_font_size=\u00a0\u00bb20px\u00a0\u00bb header_2_line_height=\u00a0\u00bb1.2em\u00a0\u00bb text_orientation=\u00a0\u00bbcenter\u00a0\u00bb width=\u00a0\u00bb93%\u00a0\u00bb module_alignment=\u00a0\u00bbcenter\u00a0\u00bb custom_margin=\u00a0\u00bb5px||9px||false|false\u00a0\u00bb custom_padding=\u00a0\u00bb0px|||||\u00a0\u00bb animation_style=\u00a0\u00bbfade\u00a0\u00bb hover_enabled=\u00a0\u00bb0&Prime; border_color_all=\u00a0\u00bb#FFFFFF\u00a0\u00bb global_colors_info=\u00a0\u00bb{}\u00a0\u00bb sticky_enabled=\u00a0\u00bb0&Prime;]<\/p>\n<p><strong>Asperges vertes<\/strong> de nos mara\u00eechers, Brocoli, oseille et spiruline, condiment kumquat de l\u2019\u00e9tang de Berre, fleurs de Printemps<br \/>Ou<br \/><strong>Thon rouge<\/strong> <strong>de M\u00e9diterran\u00e9e<\/strong> \u00e0 cru, fenouil, l\u00e2cher d\u2019herbes fra\u00eeches, un curry vert coco pour saucer<br \/>Ou<br \/><strong>Foie gras de canard<\/strong>(Fr) confit, chutney fraises, sorbet fraises balsamique, petite brioche aux fraises<br \/>***<br \/><strong>Aiguillette de turbot<\/strong> (Elevage en Galice), confite \u00e0 l\u2019huile d\u2019olive, asperges blanches grill\u00e9es, yaourt fum\u00e9, zaatar, condiment citron<br \/>Ou<br \/><strong>Le pigeon de Didier \u00e0 Sarrians et homard<\/strong>\u2026 Filet ros\u00e9, cuisse confite, une royale d\u2019abats, homard r\u00f4ti, petits pois primeurs, bisque du crustac\u00e9 (+12 e)<br \/>Ou<br \/><strong>Belle pi\u00e8ce de boeuf<\/strong> de race Charolaise, pesto ail des ours, ancho\u00efade, condiment ail noir, l\u00e9gumes de printemps<br \/>***<br \/><strong>L\u2019assiette de fromages,<\/strong> Maison Paccard, affineur \u00e0 Manigod\/Savoie<br \/>Ou<br \/><strong>Les ch\u00e8vres affin\u00e9s<\/strong> de Micheline et Kiki \u00e0 Bonnieux, gel\u00e9e de fleurs de lilas<br \/>Ou<br \/><strong>Cr\u00e9meux citron<\/strong>, huile d\u2019olive, miel de lavande, <strong>fraises<\/strong> infus\u00e9es \u00e0 la fleur d\u2019hibiscus, sorbet ch\u00e8vre de Bonnieux \u00e0 l\u2019olive noire, croquets aux amandes<br \/>Ou<br \/><strong>Chocolat, Caramel, Caf\u00e9<\/strong>\u2026Ganache chocolat, caramel \u00e9pices douces, gel\u00e9e et guimauve caf\u00e9, sabl\u00e9 breton chocolat, glace banane persil plat<br \/>Ou<br \/><strong>Rhubarbe confite \u00e0 la f\u00e8ve tonka<\/strong>, blanc-manger lait d\u2019amande, pain de G\u00eanes pignons, glace \u00e0 la rose<\/p>\n<p>[\/et_pb_text][et_pb_text _builder_version=\u00a0\u00bb4.23.1&Prime; _module_preset=\u00a0\u00bbdefault\u00a0\u00bb text_font=\u00a0\u00bbInria Serif|700|||||||\u00a0\u00bb text_text_color=\u00a0\u00bb#FFFFFF\u00a0\u00bb text_font_size=\u00a0\u00bb17px\u00a0\u00bb text_line_height=\u00a0\u00bb1.2em\u00a0\u00bb header_font=\u00a0\u00bbNunito Sans|300|||||||\u00a0\u00bb header_text_color=\u00a0\u00bb#aa2200&Prime; header_2_font=\u00a0\u00bbNunito Sans|600|||||||\u00a0\u00bb header_2_text_color=\u00a0\u00bb#aa2200&Prime; header_2_font_size=\u00a0\u00bb20px\u00a0\u00bb header_2_line_height=\u00a0\u00bb1.2em\u00a0\u00bb text_orientation=\u00a0\u00bbcenter\u00a0\u00bb custom_margin=\u00a0\u00bb37px||37px||true|false\u00a0\u00bb custom_padding=\u00a0\u00bb0px||0px|||\u00a0\u00bb animation_style=\u00a0\u00bbfade\u00a0\u00bb global_colors_info=\u00a0\u00bb{}\u00a0\u00bb]<\/p>\n<p><span style=\"text-decoration: underline;\">La cuisine que nous vous proposons peut contenir des substances<\/span><br \/><span style=\"text-decoration: underline;\">allerg\u00e8nes dont la liste est disponible sur demande de votre part<\/span><br \/><span style=\"text-decoration: underline;\">conform\u00e9ment \u00e0 l\u2019annexe II du r\u00e8glement CE 1169\/2011 et au d\u00e9cret<\/span><br \/><span style=\"text-decoration: underline;\">n\u00b02015-447 du 17 avril 2015. <\/span><\/p>\n<p>[\/et_pb_text][\/et_pb_column][\/et_pb_row][\/et_pb_section]<\/p>\n","protected":false},"excerpt":{"rendered":"<p>D\u00eenerCETTE SEMAINE AU D\u00ceNER et D\u00c9JEUNER DU DIMANCHEMenu du 11 au 17 maiMenu \u00e0 55 euros : entr\u00e9e\/ plat\/ fromage ou dessertMenu \u00e0 65 euros : entr\u00e9e\/ plat\/ fromage\/ dessertAsperges vertes de nos mara\u00eechers, Brocoli, oseille et spiruline, condiment kumquat de l\u2019\u00e9tang de Berre, fleurs de PrintempsOuThon rouge de M\u00e9diterran\u00e9e \u00e0 cru, fenouil, l\u00e2cher d\u2019herbes fra\u00eeches, un curry vert coco pour saucerOuFoie gras de canard(Fr) confit, chutney fraises, sorbet fraises balsamique, petite brioche aux fraises***Aiguillette de turbot (Elevage en Galice), confite \u00e0 l\u2019huile d\u2019olive, asperges blanches grill\u00e9es, yaourt fum\u00e9, zaatar, condiment citronOuLe pigeon de Didier \u00e0 Sarrians et homard\u2026 Filet ros\u00e9, cuisse confite, une royale d\u2019abats, homard r\u00f4ti, petits pois primeurs, bisque du crustac\u00e9 (+12 e)OuBelle pi\u00e8ce de boeuf de race Charolaise, pesto ail des ours, ancho\u00efade, condiment ail noir, l\u00e9gumes de printemps***L\u2019assiette de fromages, Maison Paccard, affineur \u00e0 Manigod\/SavoieOuLes ch\u00e8vres affin\u00e9s de Micheline et Kiki \u00e0 Bonnieux, gel\u00e9e de fleurs de lilasOuCr\u00e9meux citron, huile d\u2019olive, miel de lavande, fraises infus\u00e9es \u00e0 la fleur d\u2019hibiscus, sorbet ch\u00e8vre de Bonnieux \u00e0 l\u2019olive noire, croquets aux amandesOuChocolat, Caramel, Caf\u00e9\u2026Ganache chocolat, caramel \u00e9pices douces, gel\u00e9e et guimauve caf\u00e9, sabl\u00e9 breton chocolat, glace banane persil platOuRhubarbe confite \u00e0 la f\u00e8ve tonka, blanc-manger lait d\u2019amande, [&hellip;]<\/p>\n","protected":false},"author":1,"featured_media":0,"parent":0,"menu_order":0,"comment_status":"closed","ping_status":"closed","template":"","meta":{"_et_pb_use_builder":"on","_et_pb_old_content":"","_et_gb_content_width":"","_monsterinsights_skip_tracking":false,"_monsterinsights_sitenote_active":false,"_monsterinsights_sitenote_note":"","_monsterinsights_sitenote_category":0,"footnotes":""},"class_list":["post-1167","page","type-page","status-publish","hentry"],"yoast_head":"<!-- This site is optimized with the Yoast SEO plugin v27.6 - https:\/\/yoast.com\/product\/yoast-seo-wordpress\/ -->\n<title>Menus du d\u00eener - Domitia Maison de Cuisinier<\/title>\n<meta name=\"description\" content=\"D\u00e9couvrez l&#039;\u00e9l\u00e9gance de nos menus du d\u00eener, proposant une s\u00e9lection exquise de plats raffin\u00e9s qui \u00e9voluent r\u00e9guli\u00e8rement en harmonie avec les saisons.\" \/>\n<meta name=\"robots\" content=\"index, follow, max-snippet:-1, max-image-preview:large, max-video-preview:-1\" \/>\n<link rel=\"canonical\" href=\"https:\/\/domitia-maisondecuisinier.fr\/index.php\/menus-du-diner\/\" \/>\n<meta property=\"og:locale\" content=\"fr_FR\" \/>\n<meta property=\"og:type\" content=\"article\" \/>\n<meta property=\"og:title\" content=\"Menus du d\u00eener - Domitia Maison de Cuisinier\" \/>\n<meta property=\"og:description\" content=\"D\u00e9couvrez l&#039;\u00e9l\u00e9gance de nos menus du d\u00eener, proposant une s\u00e9lection exquise de plats raffin\u00e9s qui \u00e9voluent r\u00e9guli\u00e8rement en harmonie avec les saisons.\" \/>\n<meta property=\"og:url\" content=\"https:\/\/domitia-maisondecuisinier.fr\/index.php\/menus-du-diner\/\" \/>\n<meta property=\"og:site_name\" content=\"Domitia Maison de Cuisinier\" \/>\n<meta property=\"article:modified_time\" content=\"2026-05-11T12:46:33+00:00\" \/>\n<meta name=\"twitter:card\" content=\"summary_large_image\" \/>\n<meta name=\"twitter:label1\" content=\"Dur\u00e9e de lecture estim\u00e9e\" \/>\n\t<meta name=\"twitter:data1\" content=\"1 minute\" \/>\n<script type=\"application\/ld+json\" class=\"yoast-schema-graph\">{\"@context\":\"https:\\\/\\\/schema.org\",\"@graph\":[{\"@type\":\"WebPage\",\"@id\":\"https:\\\/\\\/domitia-maisondecuisinier.fr\\\/index.php\\\/menus-du-diner\\\/\",\"url\":\"https:\\\/\\\/domitia-maisondecuisinier.fr\\\/index.php\\\/menus-du-diner\\\/\",\"name\":\"Menus du d\u00eener - Domitia Maison de Cuisinier\",\"isPartOf\":{\"@id\":\"https:\\\/\\\/domitia-maisondecuisinier.fr\\\/#website\"},\"datePublished\":\"2023-12-16T12:55:31+00:00\",\"dateModified\":\"2026-05-11T12:46:33+00:00\",\"description\":\"D\u00e9couvrez l'\u00e9l\u00e9gance de nos menus du d\u00eener, proposant une s\u00e9lection exquise de plats raffin\u00e9s qui \u00e9voluent r\u00e9guli\u00e8rement en harmonie avec les saisons.\",\"breadcrumb\":{\"@id\":\"https:\\\/\\\/domitia-maisondecuisinier.fr\\\/index.php\\\/menus-du-diner\\\/#breadcrumb\"},\"inLanguage\":\"fr-FR\",\"potentialAction\":[{\"@type\":\"ReadAction\",\"target\":[\"https:\\\/\\\/domitia-maisondecuisinier.fr\\\/index.php\\\/menus-du-diner\\\/\"]}]},{\"@type\":\"BreadcrumbList\",\"@id\":\"https:\\\/\\\/domitia-maisondecuisinier.fr\\\/index.php\\\/menus-du-diner\\\/#breadcrumb\",\"itemListElement\":[{\"@type\":\"ListItem\",\"position\":1,\"name\":\"Accueil\",\"item\":\"https:\\\/\\\/domitia-maisondecuisinier.fr\\\/\"},{\"@type\":\"ListItem\",\"position\":2,\"name\":\"Menus du d\u00eener\"}]},{\"@type\":\"WebSite\",\"@id\":\"https:\\\/\\\/domitia-maisondecuisinier.fr\\\/#website\",\"url\":\"https:\\\/\\\/domitia-maisondecuisinier.fr\\\/\",\"name\":\"Domitia Maison de Cuisinier\",\"description\":\"Restaurant Luberon\",\"potentialAction\":[{\"@type\":\"SearchAction\",\"target\":{\"@type\":\"EntryPoint\",\"urlTemplate\":\"https:\\\/\\\/domitia-maisondecuisinier.fr\\\/?s={search_term_string}\"},\"query-input\":{\"@type\":\"PropertyValueSpecification\",\"valueRequired\":true,\"valueName\":\"search_term_string\"}}],\"inLanguage\":\"fr-FR\"}]}<\/script>\n<!-- \/ Yoast SEO plugin. -->","yoast_head_json":{"title":"Menus du d\u00eener - Domitia Maison de Cuisinier","description":"D\u00e9couvrez l'\u00e9l\u00e9gance de nos menus du d\u00eener, proposant une s\u00e9lection exquise de plats raffin\u00e9s qui \u00e9voluent r\u00e9guli\u00e8rement en harmonie avec les saisons.","robots":{"index":"index","follow":"follow","max-snippet":"max-snippet:-1","max-image-preview":"max-image-preview:large","max-video-preview":"max-video-preview:-1"},"canonical":"https:\/\/domitia-maisondecuisinier.fr\/index.php\/menus-du-diner\/","og_locale":"fr_FR","og_type":"article","og_title":"Menus du d\u00eener - Domitia Maison de Cuisinier","og_description":"D\u00e9couvrez l'\u00e9l\u00e9gance de nos menus du d\u00eener, proposant une s\u00e9lection exquise de plats raffin\u00e9s qui \u00e9voluent r\u00e9guli\u00e8rement en harmonie avec les saisons.","og_url":"https:\/\/domitia-maisondecuisinier.fr\/index.php\/menus-du-diner\/","og_site_name":"Domitia Maison de Cuisinier","article_modified_time":"2026-05-11T12:46:33+00:00","twitter_card":"summary_large_image","twitter_misc":{"Dur\u00e9e de lecture estim\u00e9e":"1 minute"},"schema":{"@context":"https:\/\/schema.org","@graph":[{"@type":"WebPage","@id":"https:\/\/domitia-maisondecuisinier.fr\/index.php\/menus-du-diner\/","url":"https:\/\/domitia-maisondecuisinier.fr\/index.php\/menus-du-diner\/","name":"Menus du d\u00eener - Domitia Maison de Cuisinier","isPartOf":{"@id":"https:\/\/domitia-maisondecuisinier.fr\/#website"},"datePublished":"2023-12-16T12:55:31+00:00","dateModified":"2026-05-11T12:46:33+00:00","description":"D\u00e9couvrez l'\u00e9l\u00e9gance de nos menus du d\u00eener, proposant une s\u00e9lection exquise de plats raffin\u00e9s qui \u00e9voluent r\u00e9guli\u00e8rement en harmonie avec les saisons.","breadcrumb":{"@id":"https:\/\/domitia-maisondecuisinier.fr\/index.php\/menus-du-diner\/#breadcrumb"},"inLanguage":"fr-FR","potentialAction":[{"@type":"ReadAction","target":["https:\/\/domitia-maisondecuisinier.fr\/index.php\/menus-du-diner\/"]}]},{"@type":"BreadcrumbList","@id":"https:\/\/domitia-maisondecuisinier.fr\/index.php\/menus-du-diner\/#breadcrumb","itemListElement":[{"@type":"ListItem","position":1,"name":"Accueil","item":"https:\/\/domitia-maisondecuisinier.fr\/"},{"@type":"ListItem","position":2,"name":"Menus du d\u00eener"}]},{"@type":"WebSite","@id":"https:\/\/domitia-maisondecuisinier.fr\/#website","url":"https:\/\/domitia-maisondecuisinier.fr\/","name":"Domitia Maison de Cuisinier","description":"Restaurant Luberon","potentialAction":[{"@type":"SearchAction","target":{"@type":"EntryPoint","urlTemplate":"https:\/\/domitia-maisondecuisinier.fr\/?s={search_term_string}"},"query-input":{"@type":"PropertyValueSpecification","valueRequired":true,"valueName":"search_term_string"}}],"inLanguage":"fr-FR"}]}},"_links":{"self":[{"href":"https:\/\/domitia-maisondecuisinier.fr\/index.php\/wp-json\/wp\/v2\/pages\/1167","targetHints":{"allow":["GET"]}}],"collection":[{"href":"https:\/\/domitia-maisondecuisinier.fr\/index.php\/wp-json\/wp\/v2\/pages"}],"about":[{"href":"https:\/\/domitia-maisondecuisinier.fr\/index.php\/wp-json\/wp\/v2\/types\/page"}],"author":[{"embeddable":true,"href":"https:\/\/domitia-maisondecuisinier.fr\/index.php\/wp-json\/wp\/v2\/users\/1"}],"replies":[{"embeddable":true,"href":"https:\/\/domitia-maisondecuisinier.fr\/index.php\/wp-json\/wp\/v2\/comments?post=1167"}],"version-history":[{"count":134,"href":"https:\/\/domitia-maisondecuisinier.fr\/index.php\/wp-json\/wp\/v2\/pages\/1167\/revisions"}],"predecessor-version":[{"id":2615,"href":"https:\/\/domitia-maisondecuisinier.fr\/index.php\/wp-json\/wp\/v2\/pages\/1167\/revisions\/2615"}],"wp:attachment":[{"href":"https:\/\/domitia-maisondecuisinier.fr\/index.php\/wp-json\/wp\/v2\/media?parent=1167"}],"curies":[{"name":"wp","href":"https:\/\/api.w.org\/{rel}","templated":true}]}}